{"id":1135,"date":"2016-08-26T18:38:42","date_gmt":"2016-08-26T18:38:42","guid":{"rendered":"https:\/\/www.yoga-federation.eu\/cz\/?page_id=1135"},"modified":"2016-08-26T18:38:42","modified_gmt":"2016-08-26T18:38:42","slug":"o-nas","status":"publish","type":"page","link":"https:\/\/www.yoga-federation.eu\/cz\/o-nas\/","title":{"rendered":"O n\u00e1s"},"content":{"rendered":"<p>YFE byla zalo\u017eena s c\u00edlem shrom\u00e1\u017edit \u010dleny, kte\u0159\u00ed pohl\u00ed\u017eej\u00ed na j\u00f3gu jako na disciplinu vlasn\u00edho rozvoje a cht\u011bj\u00ed dos\u00e1hnout spole\u010dn\u00e9 c\u00edle v oblasti j\u00f3gy, a to jsou:<\/p>\n<p>1. Koordinace aktivit \u010dlen\u016f<br \/>\n2. Udr\u017een\u00ed a rozvoj dan\u00fdch standard\u016f<br \/>\n3. Spole\u010dn\u00e1 promoce p\u0159ednost\u00ed praktikov\u00e1n\u00ed j\u00f3gy \u2013 organizov\u00e1n\u00ed v\u011bdeck\u00fdch, kulturn\u00edch a studijn\u00edch akc\u00ed (v\u011bdeck\u00e9 konference, festivaly, semin\u00e1\u0159e, kempy)<br \/>\n4. Rozvoj odborn\u00e9 pr\u00e1ce instruktor\u016f j\u00f3gy a organizace, zvl\u00e1\u0161t\u011b t\u011bch, kte\u0159\u00ed se zab\u00fdvaj\u00ed v\u00fdzkumem v\u00fdsledk\u016f praxe j\u00f3gy<br \/>\n5. Vybudov\u00e1n\u00ed akademick\u00e9ho vzd\u011bl\u00e1v\u00e1n\u00ed v oblasti j\u00f3gy<br \/>\n6. Organizace a podpora organizac\u00ed v oblasti j\u00f3gy<br \/>\n7. Organizace a podpora organizac\u00ed, kter\u00e9 pou\u017e\u00edvaj\u00ed j\u00f3gu ve zdravotnictv\u00ed<br \/>\n8. Organizace a podpora organizac\u00ed, kter\u00e9 propaguj\u00ed j\u00f3gu jako kulturu ka\u017edodenn\u00edho \u017eivota<br \/>\n9. Organizace a podpora organizac\u00ed, kter\u00e9 pou\u017e\u00edvaj\u00ed j\u00f3gu jako formu um\u011bn\u00ed<br \/>\n10. Organizace a podpora mo\u017en\u00e9ho p\u0159\u00ednosu j\u00f3gy ve vzd\u011bl\u00e1v\u00e1n\u00ed<br \/>\n11. Iniciativa a podpora pochopen\u00ed j\u00f3gy ve sportu<br \/>\n12. Iniciativa a podpora pochopen\u00ed poradenstv\u00ed j\u00f3gy \u2013 j\u00f3ga kou\u010dov\u00e1n\u00ed<br \/>\n13. Iniciativa a podpora pochopen\u00ed j\u00f3gy jako formy terapie &#8211; energoterapie<br \/>\n14. Iniciativa a podpora pochopen\u00ed j\u00f3gy jako formy rekreace<br \/>\n15. Iniciativa a podpora pochopen\u00ed j\u00f3gy jako formy psychologie a psychoterapie<br \/>\n16. Iniciativa a podpora pochopen\u00ed j\u00f3gy jako \u017eivotn\u00ed filozofie a \u017eivotn\u00edho stylu<br \/>\n17. Iniciativa a podpora pochopen\u00ed j\u00f3gy jako mo\u017en\u00e9 pomoci pro ob\u010dana v nesn\u00e1z\u00edch (citliv\u00e9 kategorie)<br \/>\n18. Iniciativa a podpora pochopen\u00ed j\u00f3gy jako formy p\u0159\u00ednosu pro ml\u00e1de\u017enick\u00e9 aktivity<br \/>\n19. Iniciativa a podpora pochopen\u00ed j\u00f3gy jako metody mo\u017en\u00e9 pro pomoc invalidn\u00edm osob\u00e1m<br \/>\n20. Iniciativa a podpora pochopen\u00ed j\u00f3gy jako metody mo\u017en\u00e9 pro pomoc star\u0161\u00edm osob\u00e1m<br \/>\n21. Iniciativa a podpora pochopen\u00ed j\u00f3gy jako metody mo\u017en\u00e9 pro dosa\u017een\u00ed vrcholov\u00fdch v\u00fdsledk\u016f v um\u011bn\u00ed, sportu a managementu.<br \/>\n22. Iniciativa a podpora pochopen\u00ed j\u00f3gy jako metody mo\u017en\u00e9 pro pomoc zam\u011bstnanc\u016fm a managementu.<br \/>\n23. Iniciativa a podpora pochopen\u00ed j\u00f3gy jako metody mo\u017en\u00e9 pro zlep\u0161en\u00ed v\u011bdom\u00ed o \u017eivotn\u00edm prost\u0159ed\u00ed<br \/>\n24. Organizace i podpora sout\u011b\u017e\u00ed j\u00f3gy<br \/>\n25. Organizace a podpora sout\u011b\u017e\u00ed j\u00f3gy v kategori\u00edch J\u00f3ga as\u00e1na I Art v kategori\u00edch:<br \/>\n&#8211; Mu\u017ei junio\u0159i, \u017eeny a sm\u00ed\u0161en\u00e1 kategorie (t\u00fdm a jednotlivci)<br \/>\n&#8211; Mu\u017ei senio\u0159i, \u017eeny a sm\u00ed\u0161en\u00e1 kategorie (t\u00fdm a jednotlivci)<br \/>\n26. Nep\u0159etr\u017eit\u00e9 vzd\u011bl\u00e1v\u00e1n\u00ed v oblasti j\u00f3gy a rozvoj profese odborn\u00edk\u016f j\u00f3gy<br \/>\n27. Uzn\u00e1n\u00ed profesion\u00e1ln\u00edch a akademick\u00fdch titul\u016f j\u00f3gy v n\u00e1rodn\u00edm i evropsk\u00e9m prost\u0159ed\u00ed.<\/p>\n<p>J\u00f3ga je tak\u00e9 uznan\u00e1 jako sportovn\u00ed odv\u011btv\u00ed, kter\u00e9 zahrnuje sportovn\u00ed discipliny (Hatha j\u00f3ga, Art j\u00f3ga, Raja j\u00f3ga, Kundalini joga, N\u00e1da j\u00f3ga, Jnana j\u00f3ga ) a styly (Akademick\u00e1 j\u00f3ga, Modern\u00ed j\u00f3ga a Tradi\u010dn\u00ed j\u00f3ga).<\/p>\n","protected":false},"excerpt":{"rendered":"<p>YFE byla zalo\u017eena s c\u00edlem shrom\u00e1\u017edit \u010dleny, kte\u0159\u00ed pohl\u00ed\u017eej\u00ed na j\u00f3gu jako na disciplinu vlasn\u00edho rozvoje a cht\u011bj\u00ed dos\u00e1hnout spole\u010dn\u00e9 c\u00edle v oblasti j\u00f3gy, a to jsou: 1. Koordinace aktivit \u010dlen\u016f 2. Udr\u017een\u00ed a rozvoj dan\u00fdch standard\u016f 3. Spole\u010dn\u00e1 promoce p\u0159ednost\u00ed praktikov\u00e1n\u00ed j\u00f3gy \u2013 organizov\u00e1n\u00ed v\u011bdeck\u00fdch, kulturn\u00edch a studijn\u00edch akc\u00ed (v\u011bdeck\u00e9 konference, festivaly, semin\u00e1\u0159e, kempy) [&hellip;]<\/p>\n","protected":false},"author":4,"featured_media":0,"parent":0,"menu_order":0,"comment_status":"open","ping_status":"open","template":"","meta":{"footnotes":""},"class_list":["post-1135","page","type-page","status-publish","hentry"],"yoast_head":"<!-- This site is optimized with the Yoast SEO plugin v27.4 - https:\/\/yoast.com\/product\/yoast-seo-wordpress\/ -->\n<title>O n\u00e1s - Yoga Federation of Europe<\/title>\n<meta name=\"robots\" content=\"index, follow, max-snippet:-1, max-image-preview:large, max-video-preview:-1\" \/>\n<link rel=\"canonical\" href=\"https:\/\/www.yoga-federation.eu\/cz\/o-nas\/\" \/>\n<meta property=\"og:locale\" content=\"en_US\" \/>\n<meta property=\"og:type\" content=\"article\" \/>\n<meta property=\"og:title\" content=\"O n\u00e1s - Yoga Federation of Europe\" \/>\n<meta property=\"og:description\" content=\"YFE byla zalo\u017eena s c\u00edlem shrom\u00e1\u017edit \u010dleny, kte\u0159\u00ed pohl\u00ed\u017eej\u00ed na j\u00f3gu jako na disciplinu vlasn\u00edho rozvoje a cht\u011bj\u00ed dos\u00e1hnout spole\u010dn\u00e9 c\u00edle v oblasti j\u00f3gy, a to jsou: 1. Koordinace aktivit \u010dlen\u016f 2. Udr\u017een\u00ed a rozvoj dan\u00fdch standard\u016f 3. Spole\u010dn\u00e1 promoce p\u0159ednost\u00ed praktikov\u00e1n\u00ed j\u00f3gy \u2013 organizov\u00e1n\u00ed v\u011bdeck\u00fdch, kulturn\u00edch a studijn\u00edch akc\u00ed (v\u011bdeck\u00e9 konference, festivaly, semin\u00e1\u0159e, kempy) [&hellip;]\" \/>\n<meta property=\"og:url\" content=\"https:\/\/www.yoga-federation.eu\/cz\/o-nas\/\" \/>\n<meta property=\"og:site_name\" content=\"Yoga Federation of Europe\" \/>\n<meta property=\"og:image\" content=\"https:\/\/www.yoga-federation.eu\/wp-content\/uploads\/2017\/03\/yoga-federation-of-europe.jpg\" \/>\n\t<meta property=\"og:image:width\" content=\"1600\" \/>\n\t<meta property=\"og:image:height\" content=\"1052\" \/>\n\t<meta property=\"og:image:type\" content=\"image\/jpeg\" \/>\n<meta name=\"twitter:card\" content=\"summary_large_image\" \/>\n<meta name=\"twitter:label1\" content=\"Est. reading time\" \/>\n\t<meta name=\"twitter:data1\" content=\"2 minutes\" \/>\n<script type=\"application\/ld+json\" class=\"yoast-schema-graph\">{\"@context\":\"https:\\\/\\\/schema.org\",\"@graph\":[{\"@type\":\"WebPage\",\"@id\":\"https:\\\/\\\/www.yoga-federation.eu\\\/cz\\\/o-nas\\\/\",\"url\":\"https:\\\/\\\/www.yoga-federation.eu\\\/cz\\\/o-nas\\\/\",\"name\":\"O n\u00e1s - Yoga Federation of Europe\",\"isPartOf\":{\"@id\":\"https:\\\/\\\/www.yoga-federation.eu\\\/#website\"},\"datePublished\":\"2016-08-26T18:38:42+00:00\",\"breadcrumb\":{\"@id\":\"https:\\\/\\\/www.yoga-federation.eu\\\/cz\\\/o-nas\\\/#breadcrumb\"},\"inLanguage\":\"cz-CZ\",\"potentialAction\":[{\"@type\":\"ReadAction\",\"target\":[\"https:\\\/\\\/www.yoga-federation.eu\\\/cz\\\/o-nas\\\/\"]}]},{\"@type\":\"BreadcrumbList\",\"@id\":\"https:\\\/\\\/www.yoga-federation.eu\\\/cz\\\/o-nas\\\/#breadcrumb\",\"itemListElement\":[{\"@type\":\"ListItem\",\"position\":1,\"name\":\"Home\",\"item\":\"https:\\\/\\\/www.yoga-federation.eu\\\/cz\\\/\"},{\"@type\":\"ListItem\",\"position\":2,\"name\":\"O n\u00e1s\"}]},{\"@type\":\"WebSite\",\"@id\":\"https:\\\/\\\/www.yoga-federation.eu\\\/#website\",\"url\":\"https:\\\/\\\/www.yoga-federation.eu\\\/\",\"name\":\"Yoga Federation of Europe\",\"description\":\"Yoga in Europe\",\"potentialAction\":[{\"@type\":\"SearchAction\",\"target\":{\"@type\":\"EntryPoint\",\"urlTemplate\":\"https:\\\/\\\/www.yoga-federation.eu\\\/?s={search_term_string}\"},\"query-input\":{\"@type\":\"PropertyValueSpecification\",\"valueRequired\":true,\"valueName\":\"search_term_string\"}}],\"inLanguage\":\"cz-CZ\"}]}<\/script>\n<!-- \/ Yoast SEO plugin. -->","yoast_head_json":{"title":"O n\u00e1s - Yoga Federation of Europe","robots":{"index":"index","follow":"follow","max-snippet":"max-snippet:-1","max-image-preview":"max-image-preview:large","max-video-preview":"max-video-preview:-1"},"canonical":"https:\/\/www.yoga-federation.eu\/cz\/o-nas\/","og_locale":"en_US","og_type":"article","og_title":"O n\u00e1s - Yoga Federation of Europe","og_description":"YFE byla zalo\u017eena s c\u00edlem shrom\u00e1\u017edit \u010dleny, kte\u0159\u00ed pohl\u00ed\u017eej\u00ed na j\u00f3gu jako na disciplinu vlasn\u00edho rozvoje a cht\u011bj\u00ed dos\u00e1hnout spole\u010dn\u00e9 c\u00edle v oblasti j\u00f3gy, a to jsou: 1. Koordinace aktivit \u010dlen\u016f 2. Udr\u017een\u00ed a rozvoj dan\u00fdch standard\u016f 3. Spole\u010dn\u00e1 promoce p\u0159ednost\u00ed praktikov\u00e1n\u00ed j\u00f3gy \u2013 organizov\u00e1n\u00ed v\u011bdeck\u00fdch, kulturn\u00edch a studijn\u00edch akc\u00ed (v\u011bdeck\u00e9 konference, festivaly, semin\u00e1\u0159e, kempy) [&hellip;]","og_url":"https:\/\/www.yoga-federation.eu\/cz\/o-nas\/","og_site_name":"Yoga Federation of Europe","og_image":[{"width":1600,"height":1052,"url":"https:\/\/www.yoga-federation.eu\/wp-content\/uploads\/2017\/03\/yoga-federation-of-europe.jpg","type":"image\/jpeg"}],"twitter_card":"summary_large_image","twitter_misc":{"Est. reading time":"2 minutes"},"schema":{"@context":"https:\/\/schema.org","@graph":[{"@type":"WebPage","@id":"https:\/\/www.yoga-federation.eu\/cz\/o-nas\/","url":"https:\/\/www.yoga-federation.eu\/cz\/o-nas\/","name":"O n\u00e1s - Yoga Federation of Europe","isPartOf":{"@id":"https:\/\/www.yoga-federation.eu\/#website"},"datePublished":"2016-08-26T18:38:42+00:00","breadcrumb":{"@id":"https:\/\/www.yoga-federation.eu\/cz\/o-nas\/#breadcrumb"},"inLanguage":"cz-CZ","potentialAction":[{"@type":"ReadAction","target":["https:\/\/www.yoga-federation.eu\/cz\/o-nas\/"]}]},{"@type":"BreadcrumbList","@id":"https:\/\/www.yoga-federation.eu\/cz\/o-nas\/#breadcrumb","itemListElement":[{"@type":"ListItem","position":1,"name":"Home","item":"https:\/\/www.yoga-federation.eu\/cz\/"},{"@type":"ListItem","position":2,"name":"O n\u00e1s"}]},{"@type":"WebSite","@id":"https:\/\/www.yoga-federation.eu\/#website","url":"https:\/\/www.yoga-federation.eu\/","name":"Yoga Federation of Europe","description":"Yoga in Europe","potentialAction":[{"@type":"SearchAction","target":{"@type":"EntryPoint","urlTemplate":"https:\/\/www.yoga-federation.eu\/?s={search_term_string}"},"query-input":{"@type":"PropertyValueSpecification","valueRequired":true,"valueName":"search_term_string"}}],"inLanguage":"cz-CZ"}]}},"_links":{"self":[{"href":"https:\/\/www.yoga-federation.eu\/cz\/wp-json\/wp\/v2\/pages\/1135","targetHints":{"allow":["GET"]}}],"collection":[{"href":"https:\/\/www.yoga-federation.eu\/cz\/wp-json\/wp\/v2\/pages"}],"about":[{"href":"https:\/\/www.yoga-federation.eu\/cz\/wp-json\/wp\/v2\/types\/page"}],"author":[{"embeddable":true,"href":"https:\/\/www.yoga-federation.eu\/cz\/wp-json\/wp\/v2\/users\/4"}],"replies":[{"embeddable":true,"href":"https:\/\/www.yoga-federation.eu\/cz\/wp-json\/wp\/v2\/comments?post=1135"}],"version-history":[{"count":0,"href":"https:\/\/www.yoga-federation.eu\/cz\/wp-json\/wp\/v2\/pages\/1135\/revisions"}],"wp:attachment":[{"href":"https:\/\/www.yoga-federation.eu\/cz\/wp-json\/wp\/v2\/media?parent=1135"}],"curies":[{"name":"wp","href":"https:\/\/api.w.org\/{rel}","templated":true}]}}

O nás

<p>YFE byla založena s cílem shromáždit členy, kteří pohlížejí na jógu jako na disciplinu vlasního rozvoje a chtějí dosáhnout společné cíle v oblasti jógy, a to jsou:</p>
<p>1. Koordinace aktivit členů<br />
2. Udržení a rozvoj daných standardů<br />
3. Společná promoce předností praktikování jógy – organizování vědeckých, kulturních a studijních akcí (vědecké konference, festivaly, semináře, kempy)<br />
4. Rozvoj odborné práce instruktorů jógy a organizace, zvláště těch, kteří se zabývají výzkumem výsledků praxe jógy<br />
5. Vybudování akademického vzdělávání v oblasti jógy<br />
6. Organizace a podpora organizací v oblasti jógy<br />
7. Organizace a podpora organizací, které používají jógu ve zdravotnictví<br />
8. Organizace a podpora organizací, které propagují jógu jako kulturu každodenního života<br />
9. Organizace a podpora organizací, které používají jógu jako formu umění<br />
10. Organizace a podpora možného přínosu jógy ve vzdělávání<br />
11. Iniciativa a podpora pochopení jógy ve sportu<br />
12. Iniciativa a podpora pochopení poradenství jógy – jóga koučování<br />
13. Iniciativa a podpora pochopení jógy jako formy terapie &#8211; energoterapie<br />
14. Iniciativa a podpora pochopení jógy jako formy rekreace<br />
15. Iniciativa a podpora pochopení jógy jako formy psychologie a psychoterapie<br />
16. Iniciativa a podpora pochopení jógy jako životní filozofie a životního stylu<br />
17. Iniciativa a podpora pochopení jógy jako možné pomoci pro občana v nesnázích (citlivé kategorie)<br />
18. Iniciativa a podpora pochopení jógy jako formy přínosu pro mládežnické aktivity<br />
19. Iniciativa a podpora pochopení jógy jako metody možné pro pomoc invalidním osobám<br />
20. Iniciativa a podpora pochopení jógy jako metody možné pro pomoc starším osobám<br />
21. Iniciativa a podpora pochopení jógy jako metody možné pro dosažení vrcholových výsledků v umění, sportu a managementu.<br />
22. Iniciativa a podpora pochopení jógy jako metody možné pro pomoc zaměstnancům a managementu.<br />
23. Iniciativa a podpora pochopení jógy jako metody možné pro zlepšení vědomí o životním prostředí<br />
24. Organizace i podpora soutěží jógy<br />
25. Organizace a podpora soutěží jógy v kategoriích Jóga asána I Art v kategoriích:<br />
&#8211; Muži junioři, ženy a smíšená kategorie (tým a jednotlivci)<br />
&#8211; Muži senioři, ženy a smíšená kategorie (tým a jednotlivci)<br />
26. Nepřetržité vzdělávání v oblasti jógy a rozvoj profese odborníků jógy<br />
27. Uznání profesionálních a akademických titulů jógy v národním i evropském prostředí.</p>
<p>Jóga je také uznaná jako sportovní odvětví, které zahrnuje sportovní discipliny (Hatha jóga, Art jóga, Raja jóga, Kundalini joga, Náda jóga, Jnana jóga ) a styly (Akademická jóga, Moderní jóga a Tradiční jóga).</p>

<p>YFE byla založena s cílem shromáždit členy, kteří pohlížejí na jógu jako na disciplinu vlasního rozvoje a chtějí dosáhnout společné cíle v oblasti jógy, a to jsou: 1. Koordinace aktivit členů 2. Udržení a rozvoj daných standardů 3. Společná promoce předností praktikování jógy – organizování vědeckých, kulturních a studijních akcí (vědecké konference, festivaly, semináře, kempy) [&hellip;]</p>

<!-- This site is optimized with the Yoast SEO plugin v27.4 - https://yoast.com/product/yoast-seo-wordpress/ -->
<title>O nás - Yoga Federation of Europe</title>
<meta name="robots" content="index, follow, max-snippet:-1, max-image-preview:large, max-video-preview:-1" />
<link rel="canonical" href="https://www.yoga-federation.eu/cz/o-nas/" />
<meta property="og:locale" content="en_US" />
<meta property="og:type" content="article" />
<meta property="og:title" content="O nás - Yoga Federation of Europe" />
<meta property="og:description" content="YFE byla založena s cílem shromáždit členy, kteří pohlížejí na jógu jako na disciplinu vlasního rozvoje a chtějí dosáhnout společné cíle v oblasti jógy, a to jsou: 1. Koordinace aktivit členů 2. Udržení a rozvoj daných standardů 3. Společná promoce předností praktikování jógy – organizování vědeckých, kulturních a studijních akcí (vědecké konference, festivaly, semináře, kempy) [&hellip;]" />
<meta property="og:url" content="https://www.yoga-federation.eu/cz/o-nas/" />
<meta property="og:site_name" content="Yoga Federation of Europe" />
<meta property="og:image" content="https://www.yoga-federation.eu/wp-content/uploads/2017/03/yoga-federation-of-europe.jpg" />
	<meta property="og:image:width" content="1600" />
	<meta property="og:image:height" content="1052" />
	<meta property="og:image:type" content="image/jpeg" />
<meta name="twitter:card" content="summary_large_image" />
<meta name="twitter:label1" content="Est. reading time" />
	<meta name="twitter:data1" content="2 minutes" />
<script type="application/ld+json" class="yoast-schema-graph">{"@context":"https:\/\/schema.org","@graph":[{"@type":"WebPage","@id":"https:\/\/www.yoga-federation.eu\/cz\/o-nas\/","url":"https:\/\/www.yoga-federation.eu\/cz\/o-nas\/","name":"O nás - Yoga Federation of Europe","isPartOf":{"@id":"https:\/\/www.yoga-federation.eu\/#website"},"datePublished":"2016-08-26T18:38:42+00:00","breadcrumb":{"@id":"https:\/\/www.yoga-federation.eu\/cz\/o-nas\/#breadcrumb"},"inLanguage":"cz-CZ","potentialAction":[{"@type":"ReadAction","target":["https:\/\/www.yoga-federation.eu\/cz\/o-nas\/"]}]},{"@type":"BreadcrumbList","@id":"https:\/\/www.yoga-federation.eu\/cz\/o-nas\/#breadcrumb","itemListElement":[{"@type":"ListItem","position":1,"name":"Home","item":"https:\/\/www.yoga-federation.eu\/cz\/"},{"@type":"ListItem","position":2,"name":"O nás"}]},{"@type":"WebSite","@id":"https:\/\/www.yoga-federation.eu\/#website","url":"https:\/\/www.yoga-federation.eu\/","name":"Yoga Federation of Europe","description":"Yoga in Europe","potentialAction":[{"@type":"SearchAction","target":{"@type":"EntryPoint","urlTemplate":"https:\/\/www.yoga-federation.eu\/?s={search_term_string}"},"query-input":{"@type":"PropertyValueSpecification","valueRequired":true,"valueName":"search_term_string"}}],"inLanguage":"cz-CZ"}]}</script>
<!-- / Yoast SEO plugin. -->

O nás - Yoga Federation of Europe

YFE byla založena s cílem shromáždit členy, kteří pohlížejí na jógu jako na disciplinu vlasního rozvoje a chtějí dosáhnout společné cíle v oblasti jógy, a to jsou: 1. Koordinace aktivit členů 2. Udržení a rozvoj daných standardů 3. Společná promoce předností praktikování jógy – organizování vědeckých, kulturních a studijních akcí (vědecké konference, festivaly, semináře, kempy) [&hellip;]
